 9 divide 37?
False
Is 17228 a multiple of 118?
True
Is 502 a factor of 5522?
True
Does 2 divide 249?
False
Is 372 a multiple of 31?
True
Is 13 a factor of 9754?
False
Does 9 divide 1458?
True
Is 26 a factor of 57245?
False
Is 976 a multiple of 3?
False
Is 418 a multiple of 7?
False
Is 3 a factor of 881?
False
Does 9 divide 12510?
True
Is 33 a factor of 726?
True
Does 338 divide 134186?
True
Is 38 a factor of 731?
False
Is 1739 a multiple of 4?
False
Is 3185 a multiple of 35?
True
Is 528 a multiple of 66?
True
Does 15 divide 1524?
False
Is 2017 a multiple of 17?
False
Does 72 divide 13884?
False
Does 14 divide 192?
False
Is 140 a factor of 1260?
True
Is 117 a factor of 13559?
False
Is 294 a multiple of 43?
False
Does 5 divide 865?
True
Is 31 a factor of 754?
False
Does 320 divide 127040?
True
Is 27 a factor of 4050?
True
Is 18 a factor of 2250?
True
Does 7 divide 1029?
True
Does 24 divide 2016?
True
Is 12 a factor of 49?
False
Is 11895 a multiple of 15?
True
Is 22840 a multiple of 214?
False
Does 13 divide 10477?
False
Is 5 a factor of 703?
False
Is 7 a factor of 288?
False
Does 4 divide 848?
True
Is 70 a factor of 56700?
True
Does 140 divide 1680?
True
Is 91322 a multiple of 11?
True
Is 108 a factor of 24043?
False
Does 20 divide 12760?
True
Does 61 divide 1809?
False
Is 11 a factor of 7425?
True
Is 11 a factor of 59499?
True
Is 57 a multiple of 31?
False
Is 11 a factor of 9349?
False
Does 191 divide 67423?
True
Does 24 divide 17496?
True
Is 27 a factor of 7170?
False
Is 968 a multiple of 11?
True
Does 29 divide 249?
False
Is 10 a factor of 2384?
False
Is 11 a factor of 803?
True
Is 35 a factor of 245?
True
Does 20 divide 1281?
False
Is 1640 a multiple of 13?
False
Does 15 divide 4815?
True
Does 150 divide 3300?
True
Is 47791 a multiple of 67?
False
Is 3 a factor of 210?
True
Is 15 a factor of 1823?
False
Is 32 a factor of 17952?
True
Does 2 divide 1575?
False
Is 8829 a multiple of 27?
True
Is 30 a multiple of 15?
True
Is 15 a factor of 480?
True
Does 8 divide 1210?
False
Does 6 divide 7968?
True
Is 19 a factor of 11386?
False
Is 17 a factor of 5020?
False
Does 13 divide 1794?
True
Does 8 divide 352?
True
Is 33 a factor of 297?
True
Is 41 a factor of 17876?
True
Does 12 divide 17417?
False
Does 10 divide 113?
False
Does 7 divide 4837?
True
Is 1290 a multiple of 2?
True
Is 3710 a multiple of 26?
False
Is 8 a factor of 256?
True
Is 26 a factor of 182?
True
Is 974 a multiple of 33?
False
Does 15 divide 42693?
False
Does 6 divide 3222?
True
Does 148 divide 1606?
False
Is 59248 a multiple of 155?
False
Is 20 a factor of 40?
True
Does 9 divide 37583?
False
Is 303 a multiple of 3?
True
Does 14 divide 73069?
False
Is 10 a factor of 368?
False
Does 36 divide 639?
False
Is 21 a factor of 1878?
False
Is 1458 a multiple of 6?
True
Is 17 even?
False
Does 97 divide 9894?
True
Is 18 a factor of 1317?
False
Is 386 a multiple of 5?
False
Is 32 a factor of 961?
False
Is 2 a factor of 53?
False
Is 6764 a multiple of 76?
True
Does 129 divide 10191?
True
Is 32 a factor of 29174?
False
Is 27 a factor of 73748?
False
Is 24 a factor of 184896?
True
Is 9765 a multiple of 5?
True
Is 120 a factor of 42667?
False
Is 60 a factor of 41753?
False
Is 50274 a multiple of 147?
True
Is 84208 a multiple of 8?
True
Is 5 a factor of 460?
True
Is 1890 a multiple of 27?
True
Is 11 a factor of 1551?
True
Does 11 divide 281?
False
Is 1628 a multiple of 22?
True
Is 4966 a multiple of 26?
True
Does 11 divide 41014?
False
Is 63 a factor of 93996?
True
Is 368 a multiple of 46?
True
Does 2 divide 283?
False
Is 106 a multiple of 20?
False
Does 12 divide 7145?
False
Is 1579 a multiple of 43?
False
Is 404 a factor of 86305?
False
Is 18 a factor of 4752?
True
Does 5 divide 15?
True
Is 3 a factor of 168?
True
Is 599 a multiple of 7?
False
Is 1961 a multiple of 110?
False
Is 763 a multiple of 7?
True
Does 12 divide 224?
False
Is 7583 a multiple of 5?
False
Is 21 a factor of 3822?
True
Is 6282 a multiple of 3?
True
Does 42 divide 5334?
True
Is 3886 a multiple of 134?
True
Is 5024 a multiple of 13?
False
Does 203 divide 17879?
False
Is 612 a multiple of 2?
True
Does 5 divide 2592?
False
Does 105 divide 42735?
True
Is 25 a factor of 1355?
False
Is 3 a factor of 84?
True
Does 5 divide 30?
True
Does 28 divide 1036?
True
Does 7 divide 322?
True
Does 14 divide 40636?
False
Is 96 a multiple of 5?
False
Is 118 a factor of 1416?
True
Does 19 divide 363?
False
Is 51 a multiple of 38?
False
Is 38 a factor of 62085?
False
Does 25 divide 4332?
False
Is 159 a factor of 9858?
True
Is 33862 a multiple of 27?
False
Does 7 divide 5551?
True
Is 197 a factor of 35644?
False
Is 85502 a multiple of 216?
False
Is 14 a factor of 62302?
False
Is 723 even?
False
Does 16 divide 1592?
False
Is 1170 a multiple of 78?
True
Is 753 a multiple of 17?
False
Is 21243 a multiple of 39?
False
Is 129 a multiple of 4?
False
Is 21580 a multiple of 9?
False
Is 3613 a multiple of 11?
False
Does 12 divide 84?
True
Does 12 divide 37316?
False
Is 747 a multiple of 49?
False
Is 7 a factor of 347?
False
Is 71 a factor of 1057?
False
Is 16 a factor of 1264?
True
Does 5 divide 211?
False
Is 8580 a multiple of 110?
True
Is 51634 a multiple of 9?
False
Is 4 a factor of 112?
True
Is 45 a factor of 4975?
False
Does 18 divide 3852?
True
Does 13 divide 141?
False
Is 1812 a multiple of 151?
True
Is 43186 a multiple of 151?
True
Is 290 a multiple of 32?
False
Does 12 divide 4679?
False
Is 169 a factor of 38788?
False
Is 10544 a multiple of 2?
True
Is 150 a factor of 2400?
True
Does 10 divide 26170?
True
Is 26 a factor of 1482?
True
Is 3726 a multiple of 54?
True
Is 23 a factor of 7584?
False
Is 7332 a multiple of 26?
True
Is 19 a factor of 14668?
True
Does 40 divide 1240?
True
Is 99860 a multiple of 113?
False
Is 126 a multiple of 6?
True
Is 1071 a multiple of 7?
True
Is 3766 a multiple of 2?
True
Is 83 a factor of 1104?
False
Does 78 divide 65058?
False
Is 25 a factor of 2550?
True
Does 65 divide 15860?
True
Is 9 a factor of 117?
True
Does 40 divide 21560?
True
Is 15 a factor of 1826?
False
Does 149 divide 18923?
True
Does 10 divide 7575?
False
Does 2 divide 29?
False
Is 894 a multiple of 14?
False
Does 23 divide 1191?
False
Is 2681 a multiple of 62?
False
Does 220 divide 68509?
False
Does 8 divide 411?
False
Is 70 a factor of 614?
False
Is 25091 a multiple of 325?
False
Is 17 a factor of 1358?
False
Is 99 a factor of 569?
False
Does 23 divide 1823?
False
Does 17 divide 40?
False
Does 14 divide 12920?
False
Is 5 a factor of 92?
False
Is 224 a multiple of 28?
True
Does 12 divide 1531?
False
Is 5 a factor of 170?
True
Is 36 a factor of 9653?
False
Does 62 divide 682?
True
Is 54 a factor of 27064?
False
Does 5 divide 9530?
True
Does 79 divide 21962?
True
Is 192 a multiple of 12?
True
Does 401 divide 43304?
False
Is 55 a factor of 2511?
False
Is 5 a factor of 794?
False
Does 172 divide 24940?
True
Does 16 divide 13183?
False
Does 32 divide 33373?
False
Does 29 divide 1704?
False
Does 9 divide 505?
False
Is 18 a factor of 232?
False
Is 17 a factor of 314?
False
Is 9059 a multiple of 5?
False
Is 810 a multiple of 54?
True
Does 100 divide 481?
False
Does 12 divide 1976?
False
Is 155 a factor of 12927?
False
Does 7 divide 1506?
False
Is 47471 a multiple of 60?
False
Does 41 divide 118?
False
Does 39 divide 7176?
True
Does 9 divide 3178?
False
Does 18 divide 234?
True
Is 18061 a multiple of 97?
False
Does 4 divide 161?
False
Is 574 a multiple of 37?
False
Does 9 divide 2244?
False
Is 40 a factor of 5160?
True
Is 344 even?
True
Is 23 a factor of 4324?
True
Is 13989 a multiple of 8?
False
Does 18 divide 12726?
True
Is 85 a multiple of 16?
False
Is 3024 a multiple of 6?
True
Is 8 a factor of 264?
True
Is 100 a multiple of 16?
False
Is 19962 a multiple of 14?
False
Is 17364 a multiple of 4?
True
Is 1313 a multiple of 2?
False
Is 603 a multiple of 13?
False
Is 101 a multiple of 21?
False
Does 2 divide 3480?
True
Does 12 divide 1230?
False
Does 18 divide 2340?
True
Is 7222 a multiple of 115?
False
Is 23 a factor of 2277?
True
Does 182 divide 42657?
False
Does 35 divide 2968?
False
Is 64629 a multiple of 43?
True
Is 2016 a multiple of 15?
False
Does 48 divide 192?
True
Is 19 a factor of 1981?
False
Is 6573 a multiple of 9?
False
Does 7 divide 148?
False
Does 20